{"id":366,"date":"2018-11-25T20:53:44","date_gmt":"2018-11-25T20:53:44","guid":{"rendered":"http:\/\/www.raumrand.de\/?page_id=366"},"modified":"2018-11-29T13:22:00","modified_gmt":"2018-11-29T13:22:00","slug":"0-00-rueckschau-0-00-review","status":"publish","type":"page","link":"http:\/\/www.raumrand.de\/?page_id=366","title":{"rendered":"+\/- 0.00 Depot"},"content":{"rendered":"<p>H\u00f6henkoten dienen zur ma\u00dflichen H\u00f6henkoordination von Geb\u00e4uden. Sie markieren H\u00f6hen von D\u00e4chern, Decken und Podesten. Ihre Darstellung ist in der\u00a0DIN 1356 (Bauzeichnungen) geregelt. +\/- 0.00 markiert dabei im Regelfall die Oberkante des Fertigfu\u00dfbodens (OKFF) im Eingangsbereich.<\/p>\n<p>Als tempor\u00e4re Installation wird vom 25. \u2013 09.12.2018 ein Mobile an der Fassade des Anbaus in der Pasteurstra\u00dfe 32 montiert, welches die H\u00f6henkoordination der R\u00e4ume nach Au\u00dfen sichtbar macht.<\/p>\n<p>&nbsp;<\/p>\n<p><a href=\"http:\/\/www.raumrand.de\/?attachment_id=374\" rel=\"attachment wp-att-374\"><img loading=\"lazy\" class=\"alignnone size-medium wp-image-374\" src=\"http:\/\/www.raumrand.de\/wp-content\/uploads\/2018\/11\/181125-111527_Hohenkote-00-500x332.jpg\" alt=\"\" width=\"500\" height=\"332\" srcset=\"http:\/\/www.raumrand.de\/wp-content\/uploads\/2018\/11\/181125-111527_Hohenkote-00-500x332.jpg 500w, http:\/\/www.raumrand.de\/wp-content\/uploads\/2018\/11\/181125-111527_Hohenkote-00-768x510.jpg 768w, http:\/\/www.raumrand.de\/wp-content\/uploads\/2018\/11\/181125-111527_Hohenkote-00-1024x680.jpg 1024w\" sizes=\"(max-width: 500px) 100vw, 500px\" \/><\/a><\/p>\n<p><a href=\"http:\/\/www.raumrand.de\/?attachment_id=375\" rel=\"attachment wp-att-375\"><img loading=\"lazy\" class=\"alignnone size-medium wp-image-375\" src=\"http:\/\/www.raumrand.de\/wp-content\/uploads\/2018\/11\/181125-111551_Hohenkote-00-500x753.jpg\" alt=\"\" width=\"500\" height=\"753\" srcset=\"http:\/\/www.raumrand.de\/wp-content\/uploads\/2018\/11\/181125-111551_Hohenkote-00-500x753.jpg 500w, http:\/\/www.raumrand.de\/wp-content\/uploads\/2018\/11\/181125-111551_Hohenkote-00-768x1156.jpg 768w, http:\/\/www.raumrand.de\/wp-content\/uploads\/2018\/11\/181125-111551_Hohenkote-00-680x1024.jpg 680w\" sizes=\"(max-width: 500px) 100vw, 500px\" \/><\/a><\/p>\n<p><a href=\"http:\/\/www.raumrand.de\/?attachment_id=377\" rel=\"attachment wp-att-377\"><img loading=\"lazy\" class=\"alignnone size-medium wp-image-377\" src=\"http:\/\/www.raumrand.de\/wp-content\/uploads\/2018\/11\/181125-112411_Hohenkote-00-500x753.jpg\" alt=\"\" width=\"500\" height=\"753\" srcset=\"http:\/\/www.raumrand.de\/wp-content\/uploads\/2018\/11\/181125-112411_Hohenkote-00-500x753.jpg 500w, http:\/\/www.raumrand.de\/wp-content\/uploads\/2018\/11\/181125-112411_Hohenkote-00-768x1156.jpg 768w, http:\/\/www.raumrand.de\/wp-content\/uploads\/2018\/11\/181125-112411_Hohenkote-00-680x1024.jpg 680w\" sizes=\"(max-width: 500px) 100vw, 500px\" \/><\/a><\/p>\n<p>&nbsp;<\/p>\n<p><a href=\"http:\/\/www.raumrand.de\/?attachment_id=380\" rel=\"attachment wp-att-380\"><img loading=\"lazy\" class=\"alignnone size-medium wp-image-380\" src=\"http:\/\/www.raumrand.de\/wp-content\/uploads\/2018\/11\/181125-112506_Hohenkote-00-500x332.jpg\" alt=\"\" width=\"500\" height=\"332\" srcset=\"http:\/\/www.raumrand.de\/wp-content\/uploads\/2018\/11\/181125-112506_Hohenkote-00-500x332.jpg 500w, http:\/\/www.raumrand.de\/wp-content\/uploads\/2018\/11\/181125-112506_Hohenkote-00-768x510.jpg 768w, http:\/\/www.raumrand.de\/wp-content\/uploads\/2018\/11\/181125-112506_Hohenkote-00-1024x680.jpg 1024w\" sizes=\"(max-width: 500px) 100vw, 500px\" \/><\/a><\/p>\n<p><a href=\"http:\/\/www.raumrand.de\/?attachment_id=379\" rel=\"attachment wp-att-379\"><img loading=\"lazy\" class=\"alignnone size-medium wp-image-379\" src=\"http:\/\/www.raumrand.de\/wp-content\/uploads\/2018\/11\/181125-112500_Hohenkote-00-500x332.jpg\" alt=\"\" width=\"500\" height=\"332\" srcset=\"http:\/\/www.raumrand.de\/wp-content\/uploads\/2018\/11\/181125-112500_Hohenkote-00-500x332.jpg 500w, http:\/\/www.raumrand.de\/wp-content\/uploads\/2018\/11\/181125-112500_Hohenkote-00-768x510.jpg 768w, http:\/\/www.raumrand.de\/wp-content\/uploads\/2018\/11\/181125-112500_Hohenkote-00-1024x680.jpg 1024w\" sizes=\"(max-width: 500px) 100vw, 500px\" \/><\/a><\/p>\n<p><a href=\"http:\/\/www.raumrand.de\/?attachment_id=383\" rel=\"attachment wp-att-383\"><img loading=\"lazy\" class=\"alignnone size-medium wp-image-383\" src=\"http:\/\/www.raumrand.de\/wp-content\/uploads\/2018\/11\/181125-112738_Hohenkote-00-500x753.jpg\" alt=\"\" width=\"500\" height=\"753\" srcset=\"http:\/\/www.raumrand.de\/wp-content\/uploads\/2018\/11\/181125-112738_Hohenkote-00-500x753.jpg 500w, http:\/\/www.raumrand.de\/wp-content\/uploads\/2018\/11\/181125-112738_Hohenkote-00-768x1156.jpg 768w, http:\/\/www.raumrand.de\/wp-content\/uploads\/2018\/11\/181125-112738_Hohenkote-00-680x1024.jpg 680w\" sizes=\"(max-width: 500px) 100vw, 500px\" \/><\/a><\/p>\n<p><a href=\"http:\/\/www.raumrand.de\/?attachment_id=381\" rel=\"attachment wp-att-381\"><img loading=\"lazy\" class=\"alignnone size-medium wp-image-381\" src=\"http:\/\/www.raumrand.de\/wp-content\/uploads\/2018\/11\/181125-112632_Hohenkote-00-500x332.jpg\" alt=\"\" width=\"500\" height=\"332\" srcset=\"http:\/\/www.raumrand.de\/wp-content\/uploads\/2018\/11\/181125-112632_Hohenkote-00-500x332.jpg 500w, http:\/\/www.raumrand.de\/wp-content\/uploads\/2018\/11\/181125-112632_Hohenkote-00-768x510.jpg 768w, http:\/\/www.raumrand.de\/wp-content\/uploads\/2018\/11\/181125-112632_Hohenkote-00-1024x680.jpg 1024w\" sizes=\"(max-width: 500px) 100vw, 500px\" \/><\/a><\/p>\n<p>Am 25.11.2018 trifft der horizontale (roten) Strich +\/- 0.00<\/p>\n<p><iframe loading=\"lazy\" width=\"500\" height=\"281\" src=\"https:\/\/www.youtube.com\/embed\/JzmQXdRNltI?feature=oembed\" frameborder=\"0\" allow=\"accelerometer; autoplay; encrypted-media; gyroscope; picture-in-picture\" allowfullscreen><\/iframe><\/p>\n<p>&nbsp;<\/p>\n","protected":false},"excerpt":{"rendered":"<p>H\u00f6henkoten dienen zur ma\u00dflichen H\u00f6henkoordination von Geb\u00e4uden. Sie markieren H\u00f6hen von D\u00e4chern, Decken und Podesten. Ihre Darstellung ist in der\u00a0DIN 1356 (Bauzeichnungen) geregelt. +\/- 0.00 markiert dabei im Regelfall die Oberkante des Fertigfu\u00dfbodens (OKFF) im Eingangsbereich. Als tempor\u00e4re Installation wird vom 25. \u2013 09.12.2018 ein Mobile an der Fassade des Anbaus in der Pasteurstra\u00dfe 32 [&hellip;]<\/p>\n","protected":false},"author":714,"featured_media":0,"parent":245,"menu_order":0,"comment_status":"closed","ping_status":"closed","template":"","meta":[],"_links":{"self":[{"href":"http:\/\/www.raumrand.de\/index.php?rest_route=\/wp\/v2\/pages\/366"}],"collection":[{"href":"http:\/\/www.raumrand.de\/index.php?rest_route=\/wp\/v2\/pages"}],"about":[{"href":"http:\/\/www.raumrand.de\/index.php?rest_route=\/wp\/v2\/types\/page"}],"author":[{"embeddable":true,"href":"http:\/\/www.raumrand.de\/index.php?rest_route=\/wp\/v2\/users\/714"}],"replies":[{"embeddable":true,"href":"http:\/\/www.raumrand.de\/index.php?rest_route=%2Fwp%2Fv2%2Fcomments&post=366"}],"version-history":[{"count":12,"href":"http:\/\/www.raumrand.de\/index.php?rest_route=\/wp\/v2\/pages\/366\/revisions"}],"predecessor-version":[{"id":449,"href":"http:\/\/www.raumrand.de\/index.php?rest_route=\/wp\/v2\/pages\/366\/revisions\/449"}],"up":[{"embeddable":true,"href":"http:\/\/www.raumrand.de\/index.php?rest_route=\/wp\/v2\/pages\/245"}],"wp:attachment":[{"href":"http:\/\/www.raumrand.de\/index.php?rest_route=%2Fwp%2Fv2%2Fmedia&parent=366"}],"curies":[{"name":"wp","href":"https:\/\/api.w.org\/{rel}","templated":true}]}}